he greatest common divisor of p and y.
6
Let s(c) = -5*c - 31. Let w(i) = 26*i + 154. Let a(n) = -16*s(n) - 3*w(n). Let y be a(13). What is the highest common factor of y and 24?
12
Let z be 60/(15 + -25) - (-18)/1. Let g be 1 - 1 - 384/(-2). Calculate the highest common divisor of g and z.
12
Let s be (72/(-10))/((-3)/120). Calculate the highest common factor of s and 9.
9
Let m(x) = 2*x**2 + 15*x + 3. Let i be m(-6). Let t be 3/((-5)/i + 0). Calculate the highest common factor of 27 and t.
9
Let r(i) = i**3 - 13*i**2 + 16*i - 5. Let k be r(12). Calculate the highest common divisor of k and 301.
43
Suppose -3*m + 2*m = -89. Suppose 0 = 4*z - m - 135. Suppose -5*c = 4*l - 48 - 172, -l - c = -z. Calculate the highest common divisor of l and 24.
12
Suppose -5*c = -223 - 327. Calculate the greatest common divisor of 10 and c.
10
Suppose -3*b - 5 = -0*b + 4*k, 2*k = -4. Let a be (60 - 0) + b + (3 - 1). What is the greatest common divisor of 7 and a?
7
Let b(v) = v**3 + v**2 + v. Suppose -2*g = g - 6. Let m be b(g). Let f be 60/35 - (-4)/14. What is the greatest common divisor of m and f?
2
Let s be 2487/12 - 21/112*-4. What is the highest common divisor of 26 and s?
26
Suppose -14*b + 684 = -296. Calculate the greatest common divisor of 1190 and b.
70
Suppose -4*q = 4, -3*q - 36 = 3*d + 60. Let p = -22 - d. Calculate the greatest common divisor of p and 99.
9
Let l(u) be the first derivative of u**4/4 - u**3/3 + 99*u - 13. Suppose 0 = -3*n - 2*n. Let o be l(n). Calculate the highest common divisor of 9 and o.
9
Let o(w) be the third derivative of 5*w**4/24 + 3*w**3 + 16*w**2. Let l be o(0). What is the highest common divisor of 72 and l?
18
Let y(s) = 155*s**2 - 8*s - 7. Let r be y(-1). What is the greatest common factor of 84 and r?
12
Let x = -225 + 110. Let z = 119 + x. Suppose -2*j = -6 - 14. What is the highest common factor of z and j?
2
Suppose -6*g = -4*g + 4. Let x be (-1)/(g*3/168). Calculate the greatest common divisor of 7 and x.
7
Let b be (-51)/(-6) - 1/(-2). Let n be 24/b + (-3)/(-9). Let g(x) = 2*x**2 - 3*x + 1. Let v be g(n). Calculate the greatest common factor of 10 and v.
10
Let c = 321 - 201. Calculate the greatest common divisor of 24 and c.
24
Suppose -335 = -4*x - 327. Let y be ((-3)/(-2))/((-3)/6). Let b be (y - 0) + x + 13. Calculate the greatest common factor of 132 and b.
12
Suppose 63 + 183 = 2*f. Suppose 0 = q - 2, q - 375 = -5*z - f. Calculate the highest common factor of z and 125.
25
Suppose 5*g + 26 - 20 = -4*c, -2*c - 4 = 2*g. Calculate the highest common factor of g and 62.
2
Let x = -198 + 238. What is the highest common factor of 16 and x?
8
Suppose 3*h = -4*q + 644, -h - 6*q = -2*q - 228. Calculate the greatest common divisor of h and 12.
4
Let q = -1 - -1. Let g(i) = -i + 12. Let z be g(q). Let f(v) = -v**3 + 16*v**2 + 6. Let m be f(16). What is the highest common factor of m and z?
6
Let s(p) = -p**3 - 5*p**2 - 2*p + 1. Let k be s(-3). Let o = 26 + k. Suppose -m + 3 = 5, -5*m = 5*a - 15. Calculate the highest common factor of o and a.
5
Let x be (-3*(-3 - 4))/(6/16). What is the greatest common divisor of 56 and x?
56
Let j = -213 - -258. Suppose -4*o + 6 = 18, -4*y - 4*o = -48. Calculate the highest common factor of y and j.
15
Suppose -30*a + 35*a - 1150 = 0. What is the highest common factor of a and 20?
10
Let s = 180 - 175. Let m(g) = -14*g**3 - 2*g**2 + 1. Let w be m(-1). Let d = w - -22. What is the greatest common factor of d and s?
5
Suppose -5*c + 24 = 2*o, 0*o = -2*o + 4. Suppose -377 = -9*p - c*p. What is the greatest common factor of 261 and p?
29
Let i = 237 + -90. Calculate the highest common divisor of 21 and i.
21
Let s(j) = -j**2 + 3*j. Let o be s(1). Let n = o - -9. Calculate the highest common factor of n and 77.
11
Suppose 3*h - 2*d = -44, -16 - 28 = 5*h + 4*d. Let v be (-32)/h + (-1)/(-3). Let i be 2/v*357/2. Calculate the highest common factor of 17 and i.
17
Let v(i) = i**3 + i + 10. Let j be v(0). Let m(h) = -24*h + 310. Let a be m(10). Calculate the greatest common factor of j and a.
10
Let y be 2 - (4/2 - 14). Suppose v = y + 18. What is the greatest common divisor of 16 and v?
16
Suppose -2*i + 8 = 124. Let p = -11 - i. Suppose -4*r = 3*s - p, 5*s = -4*r + s + 44. What is the highest common factor of r and 14?
14
Suppose -2*i - 3*j = -90, 33 = i - 4*j - 23. Calculate the highest common divisor of i and 272.
16
Let m = -10 - -20. Suppose -12*k = -m*k - 32. What is the greatest common divisor of 24 and k?
8
Suppose 4 = 4*s - 2*s. Suppose s*f = f + 8. Let z = 167 - 79. Calculate the highest common factor of f and z.
8
Suppose 462 = -113*s + 134*s + 168. Let o be 414/15 - 2/(-5). Calculate the highest common divisor of s and o.
14
Suppose z = 14*z - 247. Let x be 9*z/3 - (1 - 4). Let t(l) = l**2 - 5*l + 10. Let y be t(7). Calculate the highest common divisor of y and x.
12
Let x = 225 - 201. Suppose -5*r + 18 + 22 = 0. Calculate the greatest common divisor of r and x.
8
Let s = 43 - 37. Suppose 0 = 5*v + s*v - 836. Calculate the highest common factor of v and 19.
19
Let t be (19/57)/(2/18). Suppose 4*o - t*k = -0*k + 123, 5*k + 35 = o. Calculate the greatest common factor of o and 15.
15
Suppose 3*q - 4*t = 31, 0 = 5*q - 50*t + 46*t - 49. Calculate the highest common factor of q and 1629.
9
Let x be 1/((2/6)/((-531)/(-27))). Suppose -g + 67 = x. What is the highest common divisor of 8 and g?
8
Suppose 1 = l - 1. Suppose 0*h = -l*h + 6. Let n be 97/3 - (-2)/h. What is the greatest common divisor of n and 11?
11
Let i = 3631 - 3484. Let c = 47 - 5. Calculate the highest common factor of c and i.
21
Suppose 5*g + 20 = 4*m - 0*g, -3*g + 15 = 3*m. Suppose 3*n = 7*o - 11*o + 11, -2*o + 7 = 3*n. What is the greatest common divisor of m and n?
1
Suppose 5*b = 4*z - 105, -11*z + 30 = -10*z - 2*b. Calculate the highest common divisor of z and 115.
5
Let l = -4 - -7. Suppose 2 = -r + l*r, 4*r = 4*w - 172. Suppose 5*x = -5*z, 4*x - x + 4 = -4*z. What is the highest common factor of x and w?
4
Suppose b = -3*n + 2, 0 = 2*b + 4*n - n - 4. Let t be 3*((-32)/(-24) + (-2)/b). What is the greatest common factor of 1 and t?
1
Suppose -3*b = f - 90, -4*b + 2 = -3*f + 207. Let d(y) = -30*y + 4. Let k be d(-2). Let q be 1/(3 + k/(-20))*-3. What is the greatest common factor of q and f?
15
Suppose 0 = -0*b - 10*b + 90. Let n = b + 9. Let y = 32 + 13. Calculate the greatest common divisor of n and y.
9
Let h = -5 - -3. Let t be (-12)/(-9)*(-3)/h. Let n(v) = 2*v**3 - v**2 + 2*v - 2. Let i be n(2). What is the greatest common divisor of i and t?
2
Let r be ((-774)/301)/((-1)/42). What is the greatest common factor of 81 and r?
27
Let g = 99 + -141. Let j be ((-12)/g)/(2/56). Calculate the highest common factor of j and 72.
8
Let f = 151 - 68. Let y = -49 + f. Calculate the highest common divisor of y and 68.
34
Let c be 3*-1 - (-8 - -5). Suppose c*f - 6*f = -24. Let g = 1 - -9. Calculate the highest common divisor of g and f.
2
Let k(m) = -2*m + 17. Let a be k(9). Let c be 188/16 - a/4. Calculate the highest common divisor of 48 and c.
12
Let p = 14 + -11. Suppose -31 = -4*c + 17. What is the highest common divisor of c and p?
3
Suppose 46*z - 11*z = 8400. What is the highest common factor of 180 and z?
60
Suppose 3*h - 4*p = 5, -5*p - 13 - 1 = 4*h. Let w be (-1)/(-2*h/(-18)). Let a be -99*((-4)/(-4))/(1 + -2). Calculate the highest common divisor of a and w.
9
Let s(m) = -m**2 - 14*m - 8. Let k be s(-14). Let n(j) = j**3 + 9*j**2 + 3*j - 21. Let o be n(k). What is the greatest common factor of 209 and o?
19
Let p be (294 - -4) + 9/((-27)/(-6)). Calculate the highest common divisor of 225 and p.
75
Let y be (15 - (-10)/(-5)) + -4. Suppose -3*g + 114 = y. Calculate the highest common divisor of 5 and g.
5
Let f = -1324 + 2684. Let s be (-8)/(-14) - f/(-70). Calculate the highest common divisor of 30 and s.
10
Let x(y) = y**3 + y**2 - 4*y - 1. Let q be x(3). Suppose q = 3*b - 19. Let u be ((-7)/b)/((-2)/44). Calculate the greatest common factor of 55 and u.
11
Let z(w) = 4*w - 3. Let s(k) = -k + 1. Let i(r) = 3*s(r) + z(r). Let c be i(4). What is the greatest common divisor of c and 1?
1
Let s = 66 - 27. Let p(z) be the first derivative of -z**4/4 - 7*z**3/3 + 17*z**2/2 + 4*z + 13. Let x be p(-9). Calculat